 8?
7
Suppose -74 = -2*g - 4*k, g - 6*g = -7*k - 151. Calculate the remainder when 98 is divided by g.
32
Let u(g) = 28*g**2 + 3*g - 7. Calculate the remainder when u(6) is divided by 306/24 + ((-1664)/(-728) - (-85)/(-28)).
11
Let c(r) = -57*r - 126. Let q be c(5). Let u = -396 - q. What is the remainder when 44 is divided by u?
14
Let f(x) = 19*x - 3. Let q(c) = 208*c - 32. Let d(o) = -32*f(o) + 3*q(o). What is the remainder when 2/(-4*1/(-90)) is divided by d(1)?
13
Let r = 73 - 51. Let d be (21/(-28))/(-3) + (-2)/8. What is the remainder when 43 + d + 3 + -5 is divided by r?
19
Suppose -6*l - 7 = -31. Let s(v) = -v**3 + 3*v + 1. What is the remainder when s(-4) is divided by (l/(-6))/(7/(-4 + -290))?
25
Let k(r) = -66*r - 233. What is the remainder when 1142 is divided by k(-4)?
26
Let l = 5243 + -5165. What is the remainder when l is divided by 63?
15
Suppose 449 + 822 = 53*h - 1220. What is the remainder when 682 is divided by h?
24
Suppose 0 = -5*x + 663 - 113. Let l = x + -111. What is the remainder when (l + (-2)/(-10))/(82/(-6765)) is divided by 14?
10
Let y = -793 + 686. Let z = y - -325. What is the remainder when z is divided by 38?
28
Suppose -30299*g = -30325*g + 3458. Calculate the remainder when g is divided by 101.
32
Let q be 138/12 - (-2 - (-9)/6). Suppose q*a = 2*a. Suppose -15*p + a*p + 210 = 0. Calculate the remainder when 40 is divided by p.
12
Let d = -30 + 44. Let j(q) = 3*q**3 + 2*q**2 + 61*q - 164. Calculate the remainder when j(3) is divided by d.
6
Suppose -4*b + 151 = 3*s, 2*s = s - 3. Let f(r) = r**3 - r + 15. Calculate the remainder when b is divided by f(0).
10
Suppose f = -2*g + g + 7, -3*f + 21 = 2*g. Suppose 4*x = -p + 11, -3*p + 5*x = 4 - 20. Let r = p + 13. Calculate the remainder when r is divided by f.
6
Let h = 1556 + -1451. What is the remainder when 272 is divided by h?
62
Suppose 0 = 5*v + j - 686, 17*j = 16*j - 4. What is the remainder when 1229 is divided by v?
125
Suppose -4 = -3*i + 26. Let y = 1927 + -1881. What is the remainder when y is divided by i?
6
Let c = 66 - 64. Suppose c*u = 3*u - 33. Calculate the remainder when u is divided by (-36)/(-3) + (3 - 3).
9
Let x be 1/4 + 3 + (-123)/12. Let k be (-12)/28*x*1. Suppose -58 = -2*u + 4*p, 5*u + k*p - 221 = -11. Calculate the remainder when u is divided by 10.
9
Suppose -q + 2*d + 18 = -2*d, 2*d = 5*q - 18. Let f = q + 2. Let a(m) = 975*m + 6829. What is the remainder when a(-7) is divided by f?
0
Calculate the remainder when 352 is divided by (-14696)/(-44) + (5 - -4 - 4).
13
Let x(q) = 6*q**2 + 6*q + 50. Let l = 756 + -691. What is the remainder when x(-8) is divided by l?
61
What is the remainder when 910 is divided by (-2265)/(-19 + 4) - -2?
145
Suppose 11*g = 3*g + 344. Let p = g + -23. What is the remainder when 135 is divided by p?
15
Let a(c) = c**2 - 4*c + 1. Let b(l) = -l**2 - 1. Let s(v) = -a(v) - 2*b(v). What is the remainder when 92 is divided by s(4)?
26
Let h = -615 - -466. Let n = -129 - h. What is the remainder when 395 is divided by n?
15
Suppose 0 = -2*i + 4*o + 28, -5*i + 5*o = o - 46. Calculate the remainder when i is divided by (-4 - -4) + 5 + 0.
1
Suppose -36 = j + 4*m, 4*m - m = -5*j - 112. Calculate the remainder when 61 is divided by j/(-25) + -1 + (-424)/(-20).
19
Suppose 4*t = 9*t - 175. Let f = -548 + 550. Suppose 3*v = -0*o + f*o + 28, 5*o = 20. Calculate the remainder when t is divided by v.
11
Let t = 29784 - 28857. What is the remainder when t is divided by 6?
3
Suppose q - 145 = -4*j, 4*j - 725 = -29*q + 24*q. What is the remainder when 724 is divided by q?
144
Suppose -3*p = 9*b - 8*b + 209, -4*b = 20. Calculate the remainder when p/((-69)/(-15) - 5) is divided by 9.
8
Suppose -4*x = -236 + 568. Let l = x - -107. Calculate the remainder when l is divided by 10.
4
Let a(q) = 89 + 11*q + q**2 + 17*q - 28. Calculate the remainder when a(-33) is divided by 23.
19
Let b be 12/(-42) + (-5)/7. Calculate the remainder when 16 is divided by ((-10)/(10/2))/b.
0
Let z(k) = -k**2 - 21*k + 3. Let b be z(-21). Suppose b*l = 7*h - 3*h - 79, 3*h - 3*l - 57 = 0. What is the remainder when 97 is divided by h?
9
Suppose 34*y - 75*y + 3948 = 53*y. What is the remainder when 1143 is divided by y?
9
Calculate the remainder when 23517 is divided by ((-380)/38)/(4/(-6)).
12
Let p = 14 + 115. Let c = p - 60. Suppose 5*s = 3*v - 4*v + 23, -5*v = 3*s - 93. What is the remainder when c is divided by v?
15
Suppose -k + 12 = 2*q, -5*k = -0*q + 3*q - 4. Let j(s) = s**3 - 6*s**2 + 6*s - 7. Let y be j(4). Calculate the remainder when 6/y - (-576)/15 is divided by q.
6
Let b = -2644 - -2659. Let r(s) = 34*s + 5 + 30 - 5 - 2*s**2. Calculate the remainder when r(b) is divided by 31.
28
Let n(i) = 248*i - 59. Let z be n(-1). Let x = 374 + -855. Let v = z - x. Calculate the remainder when v is divided by 25.
24
Let a(s) = -s**3 - 6*s**2 + 59*s - 11. Suppose -2*u + 0*u = -30. Calculate the remainder when u is divided by a(5).
6
Suppose -3*m + 24 = -0*m. Let i = 1346 + -1276. Suppose m*q + i = 22*q. Calculate the remainder when 13 is divided by q.
3
Calculate the remainder when 677 is divided by (186 + 7 + -1)/((-2)/(-1)).
5
Let q = 100 - 5. Let h = q - -89. What is the remainder when h is divided by 47?
43
Let u(j) = 2*j - 40. Let l be u(8). Suppose -o = 4*z - 203, 0*z - 4*o - 88 = -2*z. Calculate the remainder when z is divided by (-3)/6*l/18*39.
24
Let g(l) = 97*l + 1689. Calculate the remainder when g(-16) is divided by 3.
2
Suppose 3*q + q = 8, 0 = -3*p - 3*q + 129. Let t = -129 + 146. Calculate the remainder when p is divided by t.
7
Let u = -381 + 386. Suppose -p = -z + 96, 5*z = -u*p + 27 + 433. Calculate the remainder when z is divided by 37.
20
Let l = -8663 + 8812. Calculate the remainder when 742 is divided by l.
146
Let r = -87 + 311. Let p = 320 - r. Calculate the remainder when p is divided by 35.
26
Let z(s) = s**3 + 8*s**2 + 15*s + 96. Let t be z(-6). Suppose -89*g = -t*g - 440. Calculate the remainder when g is divided by 16.
8
Let f = 10 + 30. Let p = f - 23. Calculate the remainder when (p - (6 - 4)) + 3 is divided by 5.
3
Suppose 8 = 2*b + 2*b. Suppose -4*k = h + 7, k = b*h + 5*k + 10. Let s = 14 - h. Calculate the remainder when 65 is divided by s.
14
Suppose -6*l - p + 132 = -4*l, -144 = -2*l - 4*p. Suppose 72*u = 70*u + l. Calculate the remainder when 98 is divided by u.
2
Suppose 4 = 7*g - 3*g. Suppose 4 + g = n. Calculate the remainder when 37 + 4/(3 + 1) + 6 is divided by n.
4
Let f = -11493 - -13078. Calculate the remainder when f is divided by 30.
25
Let j(h) = h**3 - 3*h**2 + 2*h. Let s(y) = y**3 - 5*y**2 + 3*y + 8. Let b be s(4). Calculate the remainder when j(b) is divided by 13.
11
Suppose -135 = -5*m - 5*j, -j = 2*m + 5 - 63. Calculate the remainder when 433 is divided by m.
30
Suppose -71*o - 429 = -82*o. What is the remainder when 111 is divided by o?
33
Calculate the remainder when 5/(10/(-8)) + (1 - -152) is divided by 534/21 + 12/(-28).
24
What is the remainder when (0 - 35556/(-24)) + (-15)/6 is divided by 8?
7
Let g = -257 - -271. Suppose -g*a + 25*a = 4279. What is the remainder when a is divided by 28?
25
Suppose 5*b + 1007 + 319 = 4*d, 3*b = 5*d - 1638. Calculate the remainder when d is divided by 191.
133
Suppose 0 = -28*t + 31*t + 4*m - 2738, -2*t + 3*m + 1814 = 0. What is the remainder when t is divided by 131?
124
Let u(m) = 43*m + 866. What is the remainder when 522 is divided by u(-19)?
32
Let v(a) = -2*a**2 - 82*a - 390. Calculate the remainder when 84 is divided by v(-35).
24
Suppose 5*k - 17 = 8, -4*s + 145 = -3*k. Calculate the remainder when 456/14 - s/70 is divided by 9.
5
Let i(q) = -q**2 - 12*q - 32. Let z be i(-5). Suppose -h + 66 = 2*t + 14, z*t + 208 = 4*h. Calculate the remainder when 197 is divided by h + 2*(0 + -2)/2.
47
Let n(t) = 11*t**3 - 3*t**2 - 3*t - 1. Let j be n(-1). Let a(g) = g + 17. What is the remainder when a(-12) is divided by -3 + j/3 + 9?
1
Let g(b) = b**3 - 30*b**2 + 28*b + 31. Let h be g(29). Let n(v) = 39*v + 49. Calculate the remainder when n(h) is divided by 65.
62
Calculate the remainder when (-39120)/(-75) - 8/100*(2 - 7) is divided by 71.
25
Let m = 4 + -69. What is the remainder when -4 + -8*m/10 is divided by 15?
3
Let j = 13 - 10. What is the remainder wh